31?
False
Is 24322584 a multiple of 88?
True
Is 2776 a factor of 117306446?
False
Is 25 a factor of 158890619?
False
Does 830 divide 187437240?
True
Is 16 a factor of 137586807?
False
Does 30 divide 744350954?
False
Does 10 divide 32197740?
True
Is 151 a factor of 148942019?
False
Is 570 a factor of 114180120?
True
Is 1141640178 a multiple of 881?
False
Does 2891 divide 48855009?
True
Is 31515020 a multiple of 1259?
False
Does 207 divide 2914794814?
False
Is 224640816 a multiple of 201?
True
Is 643295 a multiple of 38?
False
Is 19 a factor of 253980209?
False
Is 123 a factor of 21987872?
False
Is 3051467 a multiple of 57?
False
Is 1028630232 a multiple of 2088?
True
Is 4289016 a multiple of 7?
False
Is 58355472 a multiple of 43?
True
Is 8 a factor of 29296980?
False
Is 56 a factor of 33356277?
False
Is 90 a factor of 13033293?
False
Is 45069350 a multiple of 155?
True
Does 28 divide 1126524?
True
Does 48 divide 304104720?
True
Is 4 a factor of 122413388?
True
Is 43 a factor of 11828827?
True
Is 1070 a factor of 6024100?
True
Is 21 a factor of 1416627278?
False
Is 150 a factor of 310592400?
True
Is 363330 a multiple of 734?
True
Is 1150 a factor of 32338347?
False
Is 167 a factor of 4314762570?
False
Does 103 divide 454028841?
True
Is 418 a factor of 26226156?
True
Is 35789692 a multiple of 19?
True
Does 1910 divide 435877750?
False
Does 107 divide 213545711?
False
Is 4401 a factor of 1532630646?
True
Is 804218164 a multiple of 1072?
False
Does 2383 divide 779374448?
True
Is 956291492 a multiple of 79?
False
Is 62086704 a multiple of 11?
False
Is 611 a factor of 1811682821?
True
Does 2601 divide 1423085130?
True
Is 4654 a factor of 56312555?
False
Is 14 a factor of 4727129592?
False
Does 696 divide 749518968?
False
Is 144 a factor of 46248489?
False
Is 100276419 a multiple of 809?
False
Does 6 divide 27731730?
True
Does 25 divide 1024517207?
False
Does 2082 divide 54514085?
False
Does 102 divide 188456449?
False
Is 85 a factor of 474484110?
True
Is 261 a factor of 54853424?
False
Is 179191766 a multiple of 13?
True
Does 10 divide 218047683?
False
Is 3981552 a multiple of 218?
True
Is 254 a factor of 628766210?
False
Is 93990780 a multiple of 162?
True
Does 6 divide 4426503?
False
Does 7870 divide 2633097380?
True
Is 14 a factor of 51455621?
False
Is 21297966 a multiple of 166?
True
Is 965 a factor of 65659028?
False
Is 6 a factor of 988458932?
False
Is 107833824 a multiple of 126?
True
Is 17 a factor of 12589367?
True
Does 6340 divide 120941840?
True
Does 166 divide 393539354?
True
Is 288997584 a multiple of 16?
True
Does 4977 divide 1824827004?
True
Is 4 a factor of 28220944?
True
Is 35 a factor of 15572515?
True
Is 2906 a factor of 161524198?
True
Is 231640705 a multiple of 308?
False
Is 1171 a factor of 196820219?
False
Is 394 a factor of 6257114?
True
Is 57 a factor of 897639762?
True
Is 69107415 a multiple of 151?
True
Does 714 divide 245299433?
False
Is 587 a factor of 179331858?
False
Is 15 a factor of 551712930?
True
Is 7735355 a multiple of 59?
False
Is 4 a factor of 8282272?
True
Is 141930728 a multiple of 603?
False
Does 2602 divide 530769500?
False
Is 4 a factor of 17674912?
True
Is 638 a factor of 295744262?
True
Is 77905368 a multiple of 174?
True
Is 211 a factor of 24412489?
True
Does 29 divide 394585897?
False
Does 58 divide 545000886?
True
Does 5 divide 3620345?
True
Is 112904937 a multiple of 1710?
False
Is 26252352 a multiple of 119?
True
Is 20 a factor of 97320860?
True
Is 23497250 a multiple of 167?
False
Is 4794758 a multiple of 41?
False
Is 3155 a factor of 610855325?
True
Is 508057636 a multiple of 12?
False
Does 11 divide 432133691?
True
Is 5 a factor of 22873270?
True
Is 2690107994 a multiple of 426?
False
Is 813 a factor of 304192519?
False
Does 107 divide 19096059?
False
Is 215 a factor of 99039578?
False
Is 38 a factor of 228020862?
True
Does 163 divide 24834070?
False
Is 931383666 a multiple of 207?
True
Does 41 divide 618789958?
True
Is 527 a factor of 430679156?
True
Is 304817531 a multiple of 5019?
False
Does 99 divide 292978046?
False
Is 4 a factor of 5754443?
False
Is 1892806846 a multiple of 3603?
False
Is 17 a factor of 37193404?
False
Is 468165 a multiple of 105?
False
Is 534 a factor of 58901802?
True
Is 18 a factor of 120348662?
False
Is 15197472 a multiple of 196?
False
Is 215128188 a multiple of 14?
False
Is 128 a factor of 2078419328?
True
Is 3125391102 a multiple of 2322?
True
Does 563 divide 53418776?
False
Does 227 divide 536407810?
True
Is 451 a factor of 102053393?
False
Does 3204 divide 26101943?
False
Is 20052963 a multiple of 9?
True
Is 543714659 a multiple of 9?
False
Is 298047431 a multiple of 119?
False
Is 157539600 a multiple of 120?
True
Is 130433024 a multiple of 165?
False
Does 29 divide 17793151?
False
Is 395740170 a multiple of 57?
True
Is 389 a factor of 89246325?
True
Does 163 divide 10640461?
False
Is 55170594 a multiple of 9?
True
Is 211388473 a multiple of 962?
False
Is 697774932 a multiple of 12?
True
Is 7 a factor of 20861631?
True
Is 181778520 a multiple of 231?
True
Does 2900 divide 725608157?
False
Is 17 a factor of 681911276?
True
Is 1349840676 a multiple of 2196?
False
Is 28 a factor of 51037849?
False
Does 341 divide 414930801?
False
Does 30 divide 37131241?
False
Is 394741296 a multiple of 339?
False
Is 36127715 a multiple of 184?
False
Does 22 divide 303505796?
True
Is 25 a factor of 1613515475?
True
Is 14 a factor of 67178160?
True
Does 293 divide 91913807?
True
Does 1762 divide 97167252?
True
Is 350 a factor of 375809700?
True
Does 24 divide 159882032?
False
Does 59 divide 28982280?
False
Is 16721384 a multiple of 39?
False
Does 202 divide 19476638?
True
Is 453 a factor of 580773659?
False
Is 2986760 even?
True
Is 462285252 a multiple of 999?
True
Is 238414548 a multiple of 12?
True
Is 889 a factor of 112253506?
False
Does 1628 divide 53162300?
False
Is 1154 a factor of 4548541776?
True
Is 157 a factor of 30504838?
False
Is 201390102 a multiple of 6?
True
Does 35 divide 358861645?
False
Is 5 a factor of 5230145?
True
Is 19 a factor of 101501484?
False
Does 2037 divide 24248514?
False
Does 530 divide 123796340?
True
Is 293364350 a multiple of 5?
True
Is 15 a factor of 9255660?
True
Does 11857 divide 1391745167?
False
Does 2 divide 90910350?
True
Is 1178842 a multiple of 119?
False
Does 89 divide 571698226?
False
Is 56237360 a multiple of 1360?
True
Is 237236004 a multiple of 123?
True
Is 116772537 a multiple of 133?
True
Does 9 divide 20360813?
False
Is 26923836 a multiple of 449?
True
Is 2282056548 a multiple of 148?
True
Does 12 divide 2146941660?
True
Is 112 a factor of 135673776?
True
Is 28 a factor of 62059256?
True
Is 69369790 a multiple of 276?
False
Does 270 divide 419087250?
True
Does 112 divide 25884048?
False
Is 412051291 a multiple of 80?
False
Does 25 divide 304136200?
True
Does 7 divide 31187443?
True
Is 76766886 a multiple of 2682?
True
Does 113 divide 393520120?
False
Does 180 divide 859019400?
True
Is 223494291 a multiple of 748?
False
Is 17807718 a multiple of 155?
False
Is 543545168 a multiple of 22?
False
Does 7 divide 134428295?
False
Is 15505140 a multiple of 551?
True
Is 41 a factor of 63317817?
True
Does 684 divide 1222448904?
True
Is 10 a factor of 12968570?
True
Is 132 a factor of 442952?
False
Does 119 divide 978703762?
False
Is 94858530 a multiple of 20?
False
Is 52732968 a multiple of 2344?
True
Is 448674501 a multiple of 1023?
True
Is 82 a factor of 1121641443?
False
Is 16005471 a multiple of 923?
False
Is 9 a factor of 40503735?
True
Is 135572388 a multiple of 1022?
True
Is 182863463 a multiple of 928?
False
Does 667 divide 337107058?
False
Does 61 divide 387928280?
True
Does 25 divide 102413536?
False
Is 794485593 a multiple of 4481?
False
Is 6 a factor of 2195899307?
False
Is 42 a factor of 44306435?
False
Is 396073882 a multiple of 21?
False
Is 29184665 a multiple of 95?
True
Is 2 a factor of 164182874?
True
Is 1265664036 a multiple of 546?
True
Is 629 a factor of 95562347?
False
Is 94748910 a multiple of 30?
True
Is 16054848 a multiple of 489?
True
Is 30 a factor of 17416650?
True
Does 40 divide 572792800?
True
Does 1064 divide 322676595?
False
Is 188041040 a multiple of 5?
True
Is 33948855 a multiple of 8?
False
Does 287 divide 2